{"id":6,"date":"2014-01-31T10:24:33","date_gmt":"2014-01-31T10:24:33","guid":{"rendered":"http:\/\/www.carmenseoane.es\/?page_id=6"},"modified":"2022-04-17T10:23:15","modified_gmt":"2022-04-17T10:23:15","slug":"la-profesora","status":"publish","type":"page","link":"http:\/\/www.carmenseoane.es\/?page_id=6","title":{"rendered":"LA PROFESORA"},"content":{"rendered":"<p><a href=\"http:\/\/www.carmenseoane.es\/wp-content\/uploads\/2022\/04\/carmenSeoane2.gif\"><img loading=\"lazy\" class=\"alignnone size-full wp-image-266\" src=\"http:\/\/www.carmenseoane.es\/wp-content\/uploads\/2022\/04\/carmenSeoane2.gif\" alt=\"\" width=\"2048\" height=\"1365\" \/><\/a><\/p>\n<p>Carmen Seoane Duarte nacida en A Coru\u00f1a en 1971. Lleva trabajando como monitora de actividades colectivas desde 1988 en diversos gimnasios de A coru\u00f1a, Vigo y Lugo. Su amplia formaci\u00f3n y experiencia le permite impartir una gran variedad de clases: Pilates, Aerobic, Step, Cardio-box, Streching, Tonificaci\u00f3n, Batuka, Danzas orientales, Funky, Hip-hop, Latino, etc&#8230;<\/p>\n<table>\n<tbody>\n<tr>\n<td>\n<ul>\n<li>MONITORA DE AEROBIC POR ORTHOS (A Coru\u00f1a 1996)<\/li>\n<li>CAMPEONA DE ESPA\u00d1A DE AEROBIC POR EQUIPOS (Manresa<br \/>\n1998)<\/li>\n<li>1\u00aa CLASIFICADA POR EQUIPOS EN EL CAMPEONATO<br \/>\nINTERNACIONAL DE GALICIA (Vigo 1998)<\/li>\n<li>MONITORA DE AEROBIC POR LA FEDA (A CORU\u00d1A 2001)<\/li>\n<li>INSTRUCTORA NACIONAL POR LA FEDERACI\u00d3N ESPA\u00d1OLA DE<br \/>\nAEROBIC (FEDA) EN PAMPLONA 2003<\/li>\n<li>PRESENTER DE AERO-LATINO EN EL CONGRESO INTERNACIONAL<br \/>\nPOR LA FEDA (Zaragoza 2004)<\/li>\n<li>INSTRUCTORA EN EL SEMINARIO \u00abTRABAJO CON LA 3\u00aa EDAD\u00bb<br \/>\nPOR LA FEDA (FEDERACI\u00d3N ESPA\u00d1OLA DE AEROBIC) EN CORU\u00d1A 2005<\/li>\n<li>MONITORA DE ACTIVIDADES INFANTILES<\/li>\n<li>COORDINADORA, CORE\u00d3GRAFA Y PROMOTORA DEL EVENTO \u00abLA<br \/>\nDANZA CON LA PROTECTORA DE ANIMALES\u00bb (Lugo 2008)<\/li>\n<li>INSTRUCTORA DE MAT PILATES POR LA FEDERACI\u00d3N ESPA\u00d1OLA<br \/>\nDE PILATES Y TAI-CHI (A Coru\u00f1a 2010)<\/li>\n<\/ul>\n<\/td>\n<\/tr>\n<\/tbody>\n<\/table>\n<p>A participado como instructora en numerosos maratones, tanto a nivel internacional, nacional y regional, asi como core\u00f3grafa y monitora de danza del vientre y baile moderno en diversos everntos.<\/p>\n<p>Adem\u00e1s de su experiencia tambien cabe destacar su extensa formaci\u00f3n en la que figuran un gran n\u00famero de cursos impartidos por profesores de gran prestigio, entre los que destacan:<\/p>\n<table>\n<tbody>\n<tr>\n<td>\n<ul>\n<li>CERTIFICADO DE INSTRUCTORA BATUKA LATIN TRAINER IMPARTIDO Y AVALADO POR<br \/>\nJESICA Y JOS\u00c9 EXPOSITO (A Coru\u00f1a 2005)<\/li>\n<li>SEMINARIO DE DANZA DEL VIENTRE IMPARTIDO POR LA<br \/>\nBAILARINA Y CORE\u00d3GRAFA SAMARA HAYAT (A Coru\u00f1a 2006).<\/li>\n<li>CURSO DE DANZAS ORIENTALES CON VELO EN EL CENTRO DE ACTIVIDADES<br \/>\nMASS ART (Madrid 2006).<\/li>\n<li>SEMINARIO INTERNACIONAL DE DANZAS ORIENTALES POR LA<br \/>\nACADEMIA SAMARA HAYAT (Madrid 2007)<\/li>\n<li>CURSO DE BAILE GENERACI\u00d3N FAMA, ORGANIZADO POR AFIT DO-MAJO (Vigo 2010)<\/li>\n<\/ul>\n<\/td>\n<\/tr>\n<\/tbody>\n<\/table>\n<p>Y multitud de convenciones, cursos espec\u00edficos y congresos.<\/p>\n","protected":false},"excerpt":{"rendered":"<p>Carmen Seoane Duarte nacida en A Coru\u00f1a en 1971. Lleva trabajando como monitora de actividades colectivas desde 1988 en diversos gimnasios de A coru\u00f1a, Vigo y Lugo. Su amplia formaci\u00f3n y experiencia le permite impartir una gran variedad de clases: Pilates, Aerobic, Step, Cardio-box, Streching, Tonificaci\u00f3n, Batuka, Danzas orientales, Funky, Hip-hop, Latino, etc&#8230; MONITORA DE [&hellip;]<\/p>\n","protected":false},"author":1,"featured_media":0,"parent":0,"menu_order":0,"comment_status":"closed","ping_status":"closed","template":"page-template-nosidebar.php","meta":[],"_links":{"self":[{"href":"http:\/\/www.carmenseoane.es\/index.php?rest_route=\/wp\/v2\/pages\/6"}],"collection":[{"href":"http:\/\/www.carmenseoane.es\/index.php?rest_route=\/wp\/v2\/pages"}],"about":[{"href":"http:\/\/www.carmenseoane.es\/index.php?rest_route=\/wp\/v2\/types\/page"}],"author":[{"embeddable":true,"href":"http:\/\/www.carmenseoane.es\/index.php?rest_route=\/wp\/v2\/users\/1"}],"replies":[{"embeddable":true,"href":"http:\/\/www.carmenseoane.es\/index.php?rest_route=%2Fwp%2Fv2%2Fcomments&post=6"}],"version-history":[{"count":4,"href":"http:\/\/www.carmenseoane.es\/index.php?rest_route=\/wp\/v2\/pages\/6\/revisions"}],"predecessor-version":[{"id":267,"href":"http:\/\/www.carmenseoane.es\/index.php?rest_route=\/wp\/v2\/pages\/6\/revisions\/267"}],"wp:attachment":[{"href":"http:\/\/www.carmenseoane.es\/index.php?rest_route=%2Fwp%2Fv2%2Fmedia&parent=6"}],"curies":[{"name":"wp","href":"https:\/\/api.w.org\/{rel}","templated":true}]}}

<p><a href="http://www.carmenseoane.es/wp-content/uploads/2022/04/carmenSeoane2.gif"><img loading="lazy" class="alignnone size-full wp-image-266" src="http://www.carmenseoane.es/wp-content/uploads/2022/04/carmenSeoane2.gif" alt="" width="2048" height="1365" /></a></p>
<p>Carmen Seoane Duarte nacida en A Coruña en 1971. Lleva trabajando como monitora de actividades colectivas desde 1988 en diversos gimnasios de A coruña, Vigo y Lugo. Su amplia formación y experiencia le permite impartir una gran variedad de clases: Pilates, Aerobic, Step, Cardio-box, Streching, Tonificación, Batuka, Danzas orientales, Funky, Hip-hop, Latino, etc&#8230;</p>
<table>
<tbody>
<tr>
<td>
<ul>
<li>MONITORA DE AEROBIC POR ORTHOS (A Coruña 1996)</li>
<li>CAMPEONA DE ESPAÑA DE AEROBIC POR EQUIPOS (Manresa<br />
1998)</li>
<li>1ª CLASIFICADA POR EQUIPOS EN EL CAMPEONATO<br />
INTERNACIONAL DE GALICIA (Vigo 1998)</li>
<li>MONITORA DE AEROBIC POR LA FEDA (A CORUÑA 2001)</li>
<li>INSTRUCTORA NACIONAL POR LA FEDERACIÓN ESPAÑOLA DE<br />
AEROBIC (FEDA) EN PAMPLONA 2003</li>
<li>PRESENTER DE AERO-LATINO EN EL CONGRESO INTERNACIONAL<br />
POR LA FEDA (Zaragoza 2004)</li>
<li>INSTRUCTORA EN EL SEMINARIO «TRABAJO CON LA 3ª EDAD»<br />
POR LA FEDA (FEDERACIÓN ESPAÑOLA DE AEROBIC) EN CORUÑA 2005</li>
<li>MONITORA DE ACTIVIDADES INFANTILES</li>
<li>COORDINADORA, COREÓGRAFA Y PROMOTORA DEL EVENTO «LA<br />
DANZA CON LA PROTECTORA DE ANIMALES» (Lugo 2008)</li>
<li>INSTRUCTORA DE MAT PILATES POR LA FEDERACIÓN ESPAÑOLA<br />
DE PILATES Y TAI-CHI (A Coruña 2010)</li>
</ul>
</td>
</tr>
</tbody>
</table>
<p>A participado como instructora en numerosos maratones, tanto a nivel internacional, nacional y regional, asi como coreógrafa y monitora de danza del vientre y baile moderno en diversos everntos.</p>
<p>Además de su experiencia tambien cabe destacar su extensa formación en la que figuran un gran número de cursos impartidos por profesores de gran prestigio, entre los que destacan:</p>
<table>
<tbody>
<tr>
<td>
<ul>
<li>CERTIFICADO DE INSTRUCTORA BATUKA LATIN TRAINER IMPARTIDO Y AVALADO POR<br />
JESICA Y JOSÉ EXPOSITO (A Coruña 2005)</li>
<li>SEMINARIO DE DANZA DEL VIENTRE IMPARTIDO POR LA<br />
BAILARINA Y COREÓGRAFA SAMARA HAYAT (A Coruña 2006).</li>
<li>CURSO DE DANZAS ORIENTALES CON VELO EN EL CENTRO DE ACTIVIDADES<br />
MASS ART (Madrid 2006).</li>
<li>SEMINARIO INTERNACIONAL DE DANZAS ORIENTALES POR LA<br />
ACADEMIA SAMARA HAYAT (Madrid 2007)</li>
<li>CURSO DE BAILE GENERACIÓN FAMA, ORGANIZADO POR AFIT DO-MAJO (Vigo 2010)</li>
</ul>
</td>
</tr>
</tbody>
</table>
<p>Y multitud de convenciones, cursos específicos y congresos.</p>

<p>Carmen Seoane Duarte nacida en A Coruña en 1971. Lleva trabajando como monitora de actividades colectivas desde 1988 en diversos gimnasios de A coruña, Vigo y Lugo. Su amplia formación y experiencia le permite impartir una gran variedad de clases: Pilates, Aerobic, Step, Cardio-box, Streching, Tonificación, Batuka, Danzas orientales, Funky, Hip-hop, Latino, etc&#8230; MONITORA DE [&hellip;]</p>
